{"id":596,"date":"2020-11-21T05:41:15","date_gmt":"2020-11-21T10:41:15","guid":{"rendered":"https:\/\/run.tribudelattre.ca\/?page_id=596"},"modified":"2025-09-06T18:03:05","modified_gmt":"2025-09-06T22:03:05","slug":"hydratation","status":"publish","type":"page","link":"https:\/\/run.tribudelattre.ca\/index.php\/hydratation\/","title":{"rendered":"Hydratation"},"content":{"rendered":"\n<p><strong>Hydratation et nourriture<\/strong><\/p>\n\n\n\n<p>Ceinture Asics avec deux bouteilles de 300ml. Je m\u2019en sers pour mes sorties longues. Elles sont suffisantes pour 20km. En g\u00e9n\u00e9ral, on trouve toujours des points d\u2019eau dans Montr\u00e9al pour recharger\u2026<\/p>\n\n\n<div class=\"wp-block-image\">\n<figure class=\"aligncenter size-full is-resized\"><img decoding=\"async\" width=\"683\" height=\"512\" src=\"https:\/\/run.tribudelattre.ca\/wp-content\/uploads\/2020\/06\/image-17.png\" alt=\"\" class=\"wp-image-3441\" style=\"width:428px;height:422px\" srcset=\"https:\/\/run.tribudelattre.ca\/wp-content\/uploads\/2020\/06\/image-17.png 683w, https:\/\/run.tribudelattre.ca\/wp-content\/uploads\/2020\/06\/image-17-300x225.png 300w\" sizes=\"(max-width: 683px) 100vw, 683px\" \/><\/figure>\n<\/div>\n\n\n<p>Cependant, avec la Pand\u00e9mie, les fontaines sont ferm\u00e9es. Donc plan B.<\/p>\n\n\n\n<p><a rel=\"noreferrer noopener\" href=\"https:\/\/ekkip.com\/circuit-vest-blue-black-c-1842401000-119217\/\" target=\"_blank\">Circuit Vest de Camelbak<\/a><\/p>\n\n\n<div class=\"wp-block-image\">\n<figure class=\"aligncenter is-resized\"><img decoding=\"async\" src=\"https:\/\/cdn.powered-by-nitrosell.com\/product_images\/26\/6298\/C-1842401000-circuit-camelbak.jpg\" alt=\"Circuit Vest Blue\/Black\" style=\"width:430px;height:507px\" title=\"Circuit Vest Blue\/Black\"\/><\/figure>\n<\/div>\n\n\n<p>Je dois m\u2019en servir pour les sorties de plus de 20km. La veste est bleu et apporte un r\u00e9servoir de 1,5L dans le dos. Je devrais pouvoir glisser un bidon de jus d\u2019orange (j\u2019aime) et quelques barres. Avec \u00e7a je dois pouvoir traverser Montr\u00e9al sans me ravitailler! Je suis heureux de l\u2019avoir trouv\u00e9e localement chez Ekkip (Plateau Mont-Royal)<\/p>\n\n\n\n<p>Par temps chaud, je compte 500ml par heure d\u2019eau et du gatorade pour ne pas \u00eatre ecoeur\u00e9 de l&rsquo;eau (<a href=\"https:\/\/run.tribudelattre.ca\/index.php\/2025\/08\/10\/hydratation-par-tout-temps\/\" data-type=\"post\" data-id=\"3450\">hydra<\/a><a href=\"https:\/\/run.tribudelattre.ca\/index.php\/2025\/08\/10\/hydratation-par-tout-temps\/\" data-type=\"post\" data-id=\"3450\" target=\"_blank\" rel=\"noreferrer noopener\">t<\/a><a href=\"https:\/\/run.tribudelattre.ca\/index.php\/2025\/08\/10\/hydratation-par-tout-temps\/\" data-type=\"post\" data-id=\"3450\">ation<\/a> par tous temps)<\/p>\n\n\n\n<p><strong>Nourriture<\/strong> <\/p>\n\n\n\n<p>Au d\u00e9part, j&rsquo;\u00e9tais sur des barres de c\u00e9r\u00e9ales: j\u2019ai les barres Val Nature M\u00e9lange du randonneur \u2013 Fruit et Noix que j\u2019utilise comme starter avant de d\u00e9marrer une course. Je la prends pendant l\u2019\u00e9chauffement pour combler le petit manque. Pendant la course, j\u2019utilise les barres Crunchy Peanuts de Bar Cliff. J\u2019ai essay\u00e9 d\u2019autres gouts mais ce sont celles qui m\u2019incommodent le moins.<\/p>\n\n\n\n<p>Par la suite, j&rsquo;utilise des gels \u00e0 base de Maltodextrose. J&rsquo;ai une <a href=\"https:\/\/run.tribudelattre.ca\/index.php\/2023\/06\/30\/fabriquer-ses-gels-energetiques\/\" data-type=\"post\" data-id=\"1584\" target=\"_blank\" rel=\"noreferrer noopener\">recette<\/a> personnelle qui marche pas mal et elle me permet de rester performant \u00e9conomiquement!<\/p>\n\n\n\n<p><\/p>\n","protected":false},"excerpt":{"rendered":"<p>Hydratation et nourriture Ceinture Asics avec deux bouteilles de 300ml. Je m\u2019en sers pour mes sorties longues. Elles sont suffisantes pour 20km. En g\u00e9n\u00e9ral, on trouve toujours des points d\u2019eau dans Montr\u00e9al pour recharger\u2026 Cependant, avec la Pand\u00e9mie, les fontaines sont ferm\u00e9es. Donc plan B. Circuit Vest de Camelbak Je dois m\u2019en servir pour les [&hellip;]<\/p>\n","protected":false},"author":1,"featured_media":0,"parent":0,"menu_order":0,"comment_status":"closed","ping_status":"closed","template":"","meta":{"footnotes":""},"class_list":["post-596","page","type-page","status-publish","czr-hentry"],"_links":{"self":[{"href":"https:\/\/run.tribudelattre.ca\/index.php\/wp-json\/wp\/v2\/pages\/596","targetHints":{"allow":["GET"]}}],"collection":[{"href":"https:\/\/run.tribudelattre.ca\/index.php\/wp-json\/wp\/v2\/pages"}],"about":[{"href":"https:\/\/run.tribudelattre.ca\/index.php\/wp-json\/wp\/v2\/types\/page"}],"author":[{"embeddable":true,"href":"https:\/\/run.tribudelattre.ca\/index.php\/wp-json\/wp\/v2\/users\/1"}],"replies":[{"embeddable":true,"href":"https:\/\/run.tribudelattre.ca\/index.php\/wp-json\/wp\/v2\/comments?post=596"}],"version-history":[{"count":3,"href":"https:\/\/run.tribudelattre.ca\/index.php\/wp-json\/wp\/v2\/pages\/596\/revisions"}],"predecessor-version":[{"id":3517,"href":"https:\/\/run.tribudelattre.ca\/index.php\/wp-json\/wp\/v2\/pages\/596\/revisions\/3517"}],"wp:attachment":[{"href":"https:\/\/run.tribudelattre.ca\/index.php\/wp-json\/wp\/v2\/media?parent=596"}],"curies":[{"name":"wp","href":"https:\/\/api.w.org\/{rel}","templated":true}]}}