{"id":615,"date":"2020-11-21T05:59:30","date_gmt":"2020-11-21T10:59:30","guid":{"rendered":"https:\/\/run.tribudelattre.ca\/?page_id=615"},"modified":"2025-09-06T17:58:34","modified_gmt":"2025-09-06T21:58:34","slug":"accessoires","status":"publish","type":"page","link":"https:\/\/run.tribudelattre.ca\/index.php\/accessoires\/","title":{"rendered":"S\u00e9curit\u00e9 visuelle"},"content":{"rendered":"\n<p><strong>Accessoires<\/strong><\/p>\n\n\n\n<p>La Lampe frontale est utile d\u2019Octobre \u00e0 d\u00e9but d\u00e9cembre \u00e0 Montr\u00e9al afin d\u2019aller courir le matin avant d\u2019aller travailler. A cette p\u00e9riode, le soleil se l\u00e8ve tard (jour \u00e0 7h) et la frontale m\u2019a permis d\u2019y voir un peu et surtout d\u2019\u00eatre vu. Elle est \u00e9galement utile pour la fin de journ\u00e9e durant l&rsquo;hiver (nuit \u00e0 16h30 mais je suis plut\u00f4t du genre cours t\u00f4t!) <\/p>\n\n\n\n<p>Une chose \u00e0 savoir est qu&rsquo;on y voit correctement environ 30 minutes avant le lev\u00e9 du soleil. C&rsquo;est ce qui est appel\u00e9: Aube civile. Voir les heures de lever et coucher: <a rel=\"noreferrer noopener\" href=\"https:\/\/dateandtime.info\/fr\/citysunrisesunset.php?id=6077243&amp;month=11&amp;year=2020\" target=\"_blank\">ici<\/a> <\/p>\n\n\n\n<p><strong>Spot 300 lumens de Black Diamond&nbsp;<\/strong><\/p>\n\n\n<div class=\"wp-block-image\">\n<figure class=\"aligncenter is-resized\"><img decoding=\"async\" src=\"https:\/\/www.sail.ca\/media\/catalog\/product\/b\/l\/black-ca-620634_black__01.jpg?quality=80&amp;bg-color=255,255,255&amp;fit=bounds&amp;height=&amp;width=&amp;canvas=:\" alt=\"\" style=\"width:484px;height:160px\"\/><\/figure>\n<\/div>\n\n\n<p>Pour \u00eatre vu, j\u2019ajoute, sur le bandeau de la frontale, \u00e0 l\u2019arri\u00e8re, une lumi\u00e8re pour&nbsp;<a rel=\"noreferrer noopener\" href=\"https:\/\/www.decathlon.ca\/fr\/lumieres\/186411-51167-eclairage-velo-led-vioo-clip-500-avant-arriere-noir-usb.html#\/demodelsize-254sans_taille\/demodelundefined-8584259\" target=\"_blank\">casque v\u00e9lo rouge clignotante<\/a>. De plus je porte un brassard de s\u00e9curit\u00e9.<\/p>\n\n\n<div class=\"wp-block-image\">\n<figure class=\"aligncenter is-resized\"><img decoding=\"async\" src=\"https:\/\/contents.mediadecathlon.com\/p1544455\/k$1fc5f31d788185e1950ed1b63aef6aae\/eclairage-velo-led-vioo-clip-500-avant-arriere-noir-usb.jpg?&amp;f=800x800\" alt=\"Lumi\u00e8re de v\u00e9lo avant\/arri\u00e8re DEL USB\u00a0CL\u00a0500\u00a0noire\" style=\"width:470px;height:470px\" title=\"Lumi\u00e8re de v\u00e9lo avant\/arri\u00e8re DEL USB\u00a0CL\u00a0500\u00a0noire\"\/><\/figure>\n<\/div>\n\n\n<p><\/p>\n","protected":false},"excerpt":{"rendered":"<p>Accessoires La Lampe frontale est utile d\u2019Octobre \u00e0 d\u00e9but d\u00e9cembre \u00e0 Montr\u00e9al afin d\u2019aller courir le matin avant d\u2019aller travailler. A cette p\u00e9riode, le soleil se l\u00e8ve tard (jour \u00e0 7h) et la frontale m\u2019a permis d\u2019y voir un peu et surtout d\u2019\u00eatre vu. Elle est \u00e9galement utile pour la fin de journ\u00e9e durant l&rsquo;hiver [&hellip;]<\/p>\n","protected":false},"author":1,"featured_media":0,"parent":0,"menu_order":0,"comment_status":"closed","ping_status":"closed","template":"","meta":{"footnotes":""},"class_list":["post-615","page","type-page","status-publish","czr-hentry"],"_links":{"self":[{"href":"https:\/\/run.tribudelattre.ca\/index.php\/wp-json\/wp\/v2\/pages\/615","targetHints":{"allow":["GET"]}}],"collection":[{"href":"https:\/\/run.tribudelattre.ca\/index.php\/wp-json\/wp\/v2\/pages"}],"about":[{"href":"https:\/\/run.tribudelattre.ca\/index.php\/wp-json\/wp\/v2\/types\/page"}],"author":[{"embeddable":true,"href":"https:\/\/run.tribudelattre.ca\/index.php\/wp-json\/wp\/v2\/users\/1"}],"replies":[{"embeddable":true,"href":"https:\/\/run.tribudelattre.ca\/index.php\/wp-json\/wp\/v2\/comments?post=615"}],"version-history":[{"count":3,"href":"https:\/\/run.tribudelattre.ca\/index.php\/wp-json\/wp\/v2\/pages\/615\/revisions"}],"predecessor-version":[{"id":3514,"href":"https:\/\/run.tribudelattre.ca\/index.php\/wp-json\/wp\/v2\/pages\/615\/revisions\/3514"}],"wp:attachment":[{"href":"https:\/\/run.tribudelattre.ca\/index.php\/wp-json\/wp\/v2\/media?parent=615"}],"curies":[{"name":"wp","href":"https:\/\/api.w.org\/{rel}","templated":true}]}}